te number?
False
Suppose -19*a + 132915 = -4*a. Is a a prime number?
True
Suppose -310 = 3*m - 5779. Suppose 4*s + 1141 = -m. Let l = 1046 + s. Is l prime?
False
Let x = 6 + -9. Let n = -9 - x. Let q(t) = 5*t**2 - 8*t - 5. Is q(n) composite?
False
Let s(f) = 707*f - 309. Is s(4) a prime number?
False
Let d(a) = 2*a + 2. Suppose 20 = -4*n + 6*n. Is d(n) a composite number?
True
Let q(x) = 147*x - 2. Let c be q(6). Let r = c - 249. Is r a prime number?
True
Suppose 1816 = 20*o - 10884. Is o prime?
False
Suppose 5*u - 9 = -24. Is 43452/84 + u/(21/2) prime?
False
Let f = -47691 - -117382. Is f composite?
False
Is 4/12*(-393168)/(-16) a prime number?
True
Suppose 1601 = -2*u - l + 358, -1864 = 3*u + 2*l. Let w = u - -1031. Is w a composite number?
False
Let l = 9166 - 4757. Is l a prime number?
True
Let b(d) = 5147*d**2 + 3*d + 3. Is b(-1) a prime number?
True
Suppose -o + 13 = 11. Let a(x) = -o*x**3 - 2*x + 3*x**3 + 91 + x. Is a(0) composite?
True
Suppose 13*q - 1450 = 15*q. Let v = 26 - q. Is v composite?
False
Let t(s) = -5432*s - 27. Let k(w) = -3621*w - 18. Let c(x) = 8*k(x) - 5*t(x). Is c(-2) a prime number?
True
Let v be (18 - (2 - 2))*1*-1. Is 3/(0 - v) - (-23070)/36 prime?
True
Let f be ((-222)/(-15))/((-4)/(-10)). Suppose f + 118 = 5*t. Is t composite?
False
Let y(i) = 832*i**2 + i - 2. Let h be 14/(-70) + (-14)/20*4. Is y(h) composite?
True
Let i(w) = 4328*w**3 - w**2. Is i(1) a composite number?
False
Suppose -l + 24 = 5*p, -3*p + 5*l = -16 - 4. Suppose -p*z - 8813 = -12*z. Is z composite?
False
Let o be 22/11 - -1*6903. Suppose -o = -5*j - 0*j. Is j a composite number?
False
Let c(m) = -4*m - 11. Let v be c(-5). Is 1824/v + 1/3 prime?
False
Let y(k) = -98*k + 141. Is y(-20) composite?
True
Let t = 17 + -13. Suppose -t*y = -16 - 0. Suppose -y*k - 2398 = -6*k. Is k a composite number?
True
Is 6/14 + (-12)/28 - -3847 a prime number?
True
Suppose w - 5*x + 4 = 0, -4*w - 1 - 15 = -4*x. Let f(m) = -m**3 + 4*m - 5. Let p be f(w). Suppose -34 = -t + p. Is t prime?
False
Let l = -25 + 28. Is (l - 1739/4)/((-3)/12) a prime number?
False
Let l be 36/(-63)*35/(-2). Let g be l/2*(1 + 0). Is ((-3)/g)/((-6)/330) prime?
False
Let c(w) = 68*w**3 + 2*w**2 + 6*w + 1. Is c(4) prime?
True
Suppose 4 = -4*t - 2*c, -6 = t + 3*t + 3*c. Suppose t = -4*p + 5*p - 248. Let z = 405 - p. Is z a composite number?
False
Let v(n) = 2*n**3 + 3*n**2 - 14*n - 2. Let g be v(-6). Let l = g - -2821. Is l a composite number?
False
Suppose -3020*a + 3019*a = -54415. Is a a composite number?
True
Is ((-206358)/9)/(-4 - 20/(-6)) composite?
True
Suppose 4*o - 1008 = -4*w, -10 = 2*o - 12. Let v = w + 234. Is v a prime number?
False
Suppose -4*k = 5*d - 20, -4*d + 2*k - 4 = -5*d. Suppose 24 = -d*v + 448. Suppose -w + 3*w - v = 0. Is w a prime number?
True
Suppose -26 = 7*j + 6*j. Is (-5*(-8)/20)/(j/(-1597)) a composite number?
False
Let c = -21 - 281. Let k = c - -499. Let d = k - 78. Is d a prime number?
False
Suppose 7*d - 147831 = 4*d - k, 0 = k. Is d prime?
True
Suppose 362 = -5*x - 118. Let s = x - -774. Suppose -s = -8*p + 2*p. Is p a prime number?
True
Suppose 3*a + 3457 = 4*o, 4*o + 439 = 5*a + 3902. Suppose w + 4*v = 291, 0 = -5*w + v + 677 + o. Is w composite?
False
Suppose 4*t = -2*a + 189 + 985, -t + 2935 = 5*a. Let i = -313 + a. Is i composite?
True
Let v(w) = 3*w**2 + 14*w + 41. Is v(12) prime?
True
Let s(i) = 27*i**2 - 5*i - 65. Is s(-14) composite?
False
Suppose 5*z + 2 = 7. Let q = z - -5. Suppose 0 = 3*y - q*y + 633. Is y composite?
False
Let w(o) = 15*o**2 - 17*o + 73. Is w(25) prime?
False
Suppose -i + 0*n = 6*n - 24445, 0 = -i - 4*n + 24443. Is i composite?
False
Let x(c) be the second derivative of c**4/4 - 3*c**3/2 - 35*c**2/2 + 37*c. Is x(-5) composite?
True
Suppose 5*n = 2*n + 12. Suppose -n*s - 210 = -1214. Is s prime?
True
Let s(v) be the third derivative of -v**4/3 - v**3/2 - 21*v**2. Is s(-7) a composite number?
False
Suppose 2*b + 0*b - 4 = 0. Suppose -6*k + 8 = 4*u - 2*k, 0 = u + 3*k + b. Suppose -u*p + 658 = -2*p. Is p a prime number?
False
Let q(j) = 143*j**2 - 8*j - 44. Is q(-9) composite?
True
Suppose u - 1121 = 3*j + 128, -2*u = -5*j - 2499. Suppose -u = -5*t + 1033. Is t prime?
True
Let c be 13 - 0/((-15)/(-5)). Let v(l) = 8*l - 9*l + 28 + 4*l**2 - 18*l. Is v(c) composite?
False
Let c(q) = -5*q - 22*q + 41 - 22 - q. Is c(-6) a prime number?
False
Let k = -2598 - -8183. Is k a prime number?
False
Let f be 1/(-2) - (-1)/(-2). Is -3 + (f - -4) + 1361 prime?
True
Let c(d) = d**3 - 13*d**2 - 23*d - 50. Is c(23) composite?
True
Let q(s) = 4*s**2 - 11. Let v(t) = 5*t**2 - t - 12. Let x(p) = -6*q(p) + 5*v(p). Let b be x(4). Suppose -256 - 30 = -b*w. Is w composite?
True
Let k = 8 + -8. Suppose o - 3*d + k*d = 2390, 5*o - 4*d = 11928. Suppose 4*r - o = 1172. Is r a prime number?
False
Let l(h) = -h**2 + 16*h + 86303. Is l(0) prime?
False
Is 1361 + -2 + (-7 - -9) a composite number?
False
Let x(g) = 422*g**2 - 5. Let a be x(-4). Suppose -5*v = -3*d - 0*d + a, -2*d - 3*v = -4517. Suppose 3*m + 5*i - 410 - 1274 = 0, 4*m - 2*i = d. Is m composite?
False
Let x(f) = -275*f**3 + 3 - 31*f**3 + 2*f**2 + 0*f**2. Is x(-2) a prime number?
True
Let d(j) = -j + 13. Let n be d(7). Suppose 15 = n*g - 11*g. Is 1144/16*(-1 - g) composite?
True
Let j = -5997 + 4013. Let y = -1311 - j. Is y a prime number?
True
Let r(x) = -1402*x - 3. Is r(-8) prime?
True
Let f be (3 - 2)*(-3 + 3). Let x be (4 + -1)*(749 + f). Suppose 0 = -3*n - 0*n + x. Is n a prime number?
False
Is (-2)/(-3)*45324/24 a prime number?
True
Let v(u) = 37*u**2 - 5*u - 57. Is v(31) composite?
True
Suppose 153*y - 43115 = 148*y. Is y a composite number?
False
Let l = -19 + 24. Suppose -1533 = l*r - 14328. Is r a prime number?
False
Let j = 24401 + 1628. Is j composite?
False
Let a = 29271 - 17052. Is a composite?
True
Let z(i) be the third derivative of 7*i**5/30 - i**4/12 - 13*i**3/6 - 10*i**2. Is z(6) prime?
True
Let x = 7718 - 4519. Is x prime?
False
Let k = -9742 + 17351. Is k prime?
False
Let c(v) = v + 1. Let s be c(2). Suppose j + 4*j - s*r = -15, 5*j + 5*r - 25 = 0. Suppose j*b = 5*b - 395. Is b a prime number?
True
Suppose -2*a + 1384 + 1035 = -5*g, 0 = 4*g - 12. Is a composite?
False
Let m(q) = -28*q + 19. Let d be m(-9). Suppose -337 - d = 2*v. Let l = -41 - v. Is l composite?
False
Let x = -11 - -15. Suppose p - 12 = -d + x*p, -8 = -d - p. Is 2/d - 3679/(-9) a prime number?
True
Suppose -l - 4*l = 0. Let a(x) be the first derivative of x**2/2 + 191*x + 97. Is a(l) prime?
True
Let d be (-4 + 1)/(1 + 0). Let w(m) = -3*m - 3. Let o be w(d). Suppose 0 = o*f - 4*f - 74. Is f a prime number?
True
Let x(u) = 62*u**2 + 7*u - 3. Let y(k) = 62*k**2 + 6*k - 3. Let c(z) = -2*x(z) + 3*y(z). Is c(2) composite?
True
Suppose -2*z = -6*z + 1784. Suppose r - z = -r. Is r prime?
True
Let t(y) = 2*y. Let c be t(4). Let f(w) = 77*w - 11. Let u be f(c). Let d = u + -336. Is d composite?
False
Is -2*(-65)/78 + (-585304)/(-3) composite?
False
Suppose g + 2*w + 0*w = 4047, -4*g - 3*w = -16213. Is g composite?
False
Let r be 5*6/15 - 2. Suppose 0 = -4*m - r*m + 8. Is m + 181 + 2 + 0 prime?
False
Let n(q) = -q**3 - q**2 + q + 3. Let s(h) = -2*h - 4. Let i be s(-2). Let j be n(i). Suppose 4*t = -3*b + 7*b + 200, 4*t = j*b + 203. Is t prime?
True
Let q be 2/5 - (-7)/((-70)/(-5806)). Suppose -4*k = -6*k - 2*v + 1192, -4*v - q = -k. Is k prime?
True
Let v(o) = -9*o**2 - 5*o + 10. Let n(a) = -18*a**2 - 11*a + 19. Let k = 5 + 0. Let s(y) = k*v(y) - 3*n(y). Is s(6) a composite number?
True
Let b be -1 - -2*426/4. Suppose 15*u + b = 17*u. Is u a prime number?
False
Suppose 9 = t + 2*t. Suppose 3*j = -t*i - i - 3, 2*i = 4*j - 18. Let n = 19 - i. Is n a composite number?
True
Let v(o) = o + 16. Let h be v(-9). Suppose -h*n = -n. Suppose n = -3*c - 4*c + 518. Is c composite?
True
Let z = 28 + -9. Let g = z + -14. Suppose -g*c = f - 0 - 137, 518 = 4*f + 5*c. Is f a composite number?
False
Suppose -12*k - 17199 = -s - 10*k, s + 2*k = 17207. Is s a composite number?
False
Let s = -151 - -228. Let z = -139 + s. Let l = z + 181. Is l prime?
False
Let u(q) = 7*q**2 + 4*q - 1. Suppose 0 = -3*m + 1 + 11. Is u(m) prime?
True
Suppose -10198 = -5*l - 2*d, 4*l = -4*d - 2089 + 10257. Is l a prime number?
False
Suppose -18271 = 17*t - 28*t. Is t